t is the hundred thousands digit of 419410?
4
What is the ten thousands digit of 1045767?
4
What is the hundred thousands digit of 20863415?
8
What is the ten thousands digit of 711725?
1
What is the tens digit of 281480?
8
What is the millions digit of 1270012?
1
What is the hundreds digit of 14256651?
6
What is the millions digit of 17114313?
7
What is the tens digit of 13329891?
9
What is the thousands digit of 27023?
7
What is the hundred thousands digit of 578210?
5
What is the hundreds digit of 167550?
5
What is the thousands digit of 2813603?
3
What is the millions digit of 8170036?
8
What is the thousands digit of 951917?
1
What is the ten thousands digit of 19561252?
6
What is the tens digit of 6040242?
4
What is the millions digit of 6755711?
6
What is the millions digit of 3390079?
3
What is the thousands digit of 21744411?
4
What is the ten thousands digit of 124116?
2
What is the hundred thousands digit of 204126?
2
What is the ten thousands digit of 138812?
3
What is the ten thousands digit of 5082495?
8
What is the millions digit of 2350718?
2
What is the thousands digit of 2504361?
4
What is the hundred thousands digit of 172634?
1
What is the ten thousands digit of 113115?
1
What is the hundreds digit of 167269?
2
What is the millions digit of 1385741?
1
What is the hundreds digit of 7167009?
0
What is the units digit of 2573323?
3
What is the ten millions digit of 35416371?
3
What is the hundred thousands digit of 863504?
8
What is the tens digit of 3798314?
1
What is the ten thousands digit of 13729727?
2
What is the millions digit of 8321947?
8
What is the hundreds digit of 1204257?
2
What is the millions digit of 7450086?
7
What is the hundred thousands digit of 1979429?
9
What is the hundred thousands digit of 562521?
5
What is the millions digit of 2632952?
2
What is the thousands digit of 803188?
3
What is the hundreds digit of 20532?
5
What is the ten thousands digit of 115921?
1
What is the hundred thousands digit of 3343893?
3
What is the thousands digit of 20222?
0
What is the ten thousands digit of 273615?
7
What is the hundred thousands digit of 2437469?
4
What is the hundreds digit of 1678912?
9
What is the thousands digit of 3316869?
6
What is the millions digit of 6197226?
6
What is the tens digit of 60599?
9
What is the hundreds digit of 237185?
1
What is the units digit of 466760?
0
What is the units digit of 769455?
5
What is the millions digit of 20950269?
0
What is the tens digit of 364160?
6
What is the tens digit of 499462?
6
What is the units digit of 4204878?
8
What is the units digit of 1537965?
5
What is the units digit of 5514991?
1
What is the tens digit of 1790278?
7
What is the hundreds digit of 227685?
6
What is the hundred thousands digit of 1795422?
7
What is the units digit of 6487328?
8
What is the units digit of 2152120?
0
What is the ten thousands digit of 345898?
4
What is the tens digit of 4983865?
6
What is the thousands digit of 1077656?
7
What is the units digit of 351858?
8
What is the thousands digit of 564516?
4
What is the ten thousands digit of 348486?
4
What is the units digit of 668662?
2
What is the hundreds digit of 1409011?
0
What is the hundred thousands digit of 319149?
3
What is the tens digit of 2838?
3
What is the ten thousands digit of 254149?
5
What is the thousands digit of 121719?
1
What is the hundreds digit of 217194?
1
What is the thousands digit of 1937319?
7
What is the tens digit of 21137387?
8
What is the ten thousands digit of 4209537?
0
What is the units digit of 3405415?
5
What is the tens digit of 7509480?
8
What is the hundreds digit of 1597031?
0
What is the hundreds digit of 115378?
3
What is the thousands digit of 8120780?
0
What is the ten millions digit of 28747975?
2
What is the hundreds digit of 13242684?
6
What is the millions digit of 1011214?
1
What is the hundreds digit of 32156?
1
What is the millions digit of 2711919?
2
What is the tens digit of 4602748?
4
What is the hundred thousands digit of 1519175?
5
What is the hundred thousands digit of 14736817?
7
What is the units digit of 3357234?
4
What is the tens digit of 5157974?
7
What is the units digit of 15758382?
2
What is the hundreds digit of 283608?
6
What is the ten millions digit of 30800790?
3
What is the units digit of 32567?
7
What is the ten thousands digit of 177970?
7
What is the hundreds digit of 721077?
0
What is the units digit of 7602479?
9
What is the hundreds digit of 248883?
8
What is the tens digit of 796017?
1
What is the tens digit of 256211?
1
What is the units digit of 4947619?
9
What is the thousands digit of 7342705?
2
What is the thousands digit of 1095769?
5
What is the ten thousands digit of 331449?
3
What is the millions digit of 6383601?
6
What is the tens digit of 446215?
1
What is the hundreds digit of 1763642?
6
What is the hundred thousands digit of 1167468?
1
What is the ten thousands digit of 22067?
2
What is the hundreds digit of 3757956?
9
What is the thousands digit of 147917?
7
What is the tens digit of 2566298?
9
What is the hundreds digit of 1308293?
2
What is the hundreds digit of 15430271?
2
What is the thousands digit of 9423198?
3
What is the hundreds digit of 3134876?
8
What is the hundreds digit of 10982851?
8
What is the thousands digit of 284554?
4
What is the hundred thousands digit of 22299989?
2
What is the ten thousands digit of 672348?
7
What is the ten thousands digit of 1579271?
7
What is the tens digit of 10074374?
7
What is the tens digit of 3070213?
1
What is the ten thousands digit of 191110?
9
What is the hundreds digit of 8906169?
1
What is the hundreds digit of 2783851?
8
What is the units digit of 376476?
6
What is the ten thousands digit of 303555?
0
What is the hundreds digit of 36887?
8
What is the millions digit of 18680217?
8
What is the tens digit of 5912424?
2
What is the hundred thousands digit of 293302?
2
What is the hundreds digit of 3452393?
3
What is the hundred thousands digit of 275867?
2
What is the units digit of 342005?
5
What is the hundreds digit of 1833452?
4
What is the ten thousands digit of 4237515?
3
What is the tens digit of 22381157?
5
What is the thousands digit of 4085773?
5
What is the hundred thousands digit of 1127014?
1
What is the thousands digit of 4114023?
4
What is the hundreds digit of 382025?
0
What is the units digit of 4225524?
4
What is the ten thousands digit of 280542?
8
What is the hundred thousands digit of 236331?
2
What is the thousands digit of 83383?
3
What is the tens digit of 468138?
3
What is the ten millions digit of 12408303?
1
What is the hundred thousands digit of 821741?
8
What is the thousands digit of 3753599?
3
What is the hundred thousands digit of 245713?
2
What is the ten millions digit of 18985088?
1
What is the units digit of 1298244?
4
What is the tens digit of 10459089?
8
What is the tens digit of 2458172?
7
What is the tens digit of 233385?
8
What is the tens digit of 4429036?
3
What is the hundreds digit of 824238?
2
What is the millions digit of 12575844?
2
What is the thousands digit of 160529?
0
What is the hundreds digit of 369160?
1
What is the tens digit of 637302?
0
What is the units digit of 219627?
7
What is the tens digit of 8048239?
3
What is the ten millions digit of 10296924?
1
What is the hundred thousands digit of 5582159?
5
What is the tens digit of 1428469?
6
What is the ten thousands digit of 3289015?
8
What is the units digit of 3403221?
1
What is the hundred thousands digit of 520727?
5
What is the tens digit of 504336?
3
What is the units digit of 1029543?
3
What is the thousands digit of 1129692?
9
What is the thousands digit of 3997693?
7
What is the tens digit of 36800?
0
What is the millions digit of 5004545?
5
What is the ten thousands digit of 10648329?
4
What is the hundreds digit of 274533?
5
What is the ten thousands digit of 357498?
5
What is the units digit of 1648103?
3
What is the hundreds digit of 3279842?
8
What is the hundred thousands digit of 453003?
4
What is the hundreds digit of 261720?
7
What is the units digit of 2052562?
2
What is the thousands digit of 351931?
1
What is the thousands digit of 1698270?
8
What is the thousands digit of 61529?
1
What is the thousands digit of 4768260?
8
What is the thousands d